 12, what is 33b967b - -2?
33b9681
In base 13, what is 3407a235 - -4?
3407a239
In base 16, what is -d59686 - -1?
-d59685
In base 12, what is 67443 - -1665?
68aa8
In base 11, what is 83712 + -209?
83504
In base 12, what is -102b0 - -a5b?
-b451
In base 5, what is -4 + -32240304031?
-32240304040
In base 12, what is 1b8329 - -72?
1b839b
In base 4, what is 2100221 + -1220001?
220220
In base 3, what is -20200002202212 - -1?
-20200002202211
In base 6, what is 340052503 + 20?
340052523
In base 6, what is -205534 - -13345?
-152145
In base 4, what is 12333312031031 - 3?
12333312031022
In base 12, what is 174431 + b2?
174523
In base 7, what is -1 + 413210665?
413210664
In base 5, what is 241 - 201211101?
-201210310
In base 16, what is 20a55603 - 3?
20a55600
In base 4, what is -112 - -30301210213?
30301210101
In base 11, what is -52 - 30567?
-30609
In base 3, what is -1000022012 - -2112100?
-220202212
In base 15, what is -26 - -792ed9?
792eb3
In base 15, what is -187 + 76ae?
7527
In base 10, what is -25853 - -34182?
8329
In base 7, what is -260 - -2405340?
2405050
In base 6, what is -1050200 - -53?
-1050103
In base 4, what is 312011331 - -2111?
312020102
In base 5, what is 10014422044 - -3?
10014422102
In base 4, what is 100011332 + 1113?
100013111
In base 14, what is 1b3b0 - 2d9?
1b0b5
In base 14, what is -4a - 18d68?
-18db4
In base 4, what is 10333010 - -13311?
11012321
In base 13, what is 1178367 + 3?
117836a
In base 12, what is -252 + 1040?
9aa
In base 13, what is -241 + 110482?
110241
In base 11, what is 8411 + 352?
8763
In base 8, what is 26 - 120716?
-120670
In base 11, what is -5 - 1882144?
-1882149
In base 3, what is 1221222212121 + -2121?
1221222210000
In base 10, what is -4 + -22049789?
-22049793
In base 6, what is -1355525 - 2532?
-1402501
In base 16, what is -52 - 30c65?
-30cb7
In base 9, what is 155657 + 84?
155752
In base 8, what is -534600544 + 11?
-534600533
In base 16, what is -1 + 6453fd9?
6453fd8
In base 10, what is 33917032 + 0?
33917032
In base 16, what is d76f8 + 4?
d76fc
In base 8, what is 157336615 + 2?
157336617
In base 14, what is -b09 + 23633?
22928
In base 14, what is 5 - 38d957b?
-38d9576
In base 14, what is 6 + 227684?
22768a
In base 7, what is 110114 - -346?
110463
In base 4, what is -310231010 + -11202?
-310302212
In base 13, what is -21a52 - 98b4?
-2b636
In base 7, what is 1 + 2664241441?
2664241442
In base 15, what is -5 - 1919bee?
-1919c04
In base 16, what is -1c - 916d9?
-916f5
In base 10, what is 1786927 + -185?
1786742
In base 9, what is -87062 + -4656?
-102728
In base 5, what is -204312 + -1243124?
-2002441
In base 10, what is -16822 + 38834?
22012
In base 11, what is -45234686 - 1?
-45234687
In base 6, what is -102315001 - -1?
-102315000
In base 4, what is -321202 + -110122?
-1031330
In base 15, what is 1ad1 + -e1a?
bb6
In base 7, what is 3604 - 453533?
-446626
In base 8, what is 1136026 + -51?
1135755
In base 6, what is 12 - 134331?
-134315
In base 4, what is 112022101300 - 0?
112022101300
In base 7, what is -112344355 + 1?
-112344354
In base 6, what is 3 + -250421?
-250414
In base 6, what is 11124431 + 125?
11125000
In base 9, what is 2746556 - 78?
2746467
In base 2, what is 101101111100 + 1100101011?
111010100111
In base 2, what is -10110001011001000001010 - -11?
-10110001011001000000111
In base 10, what is -3260 + 11891?
8631
In base 10, what is -3 - -1345251?
1345248
In base 14, what is -2c2bc + -1219?
-2d4d7
In base 7, what is 124623 + -2216?
122404
In base 2, what is 110001011100 + 100011011?
110101110111
In base 12, what is -3 - -10179150?
10179149
In base 4, what is 12301 + -33111021?
-33032120
In base 12, what is -1 - -1b7b91?
1b7b90
In base 6, what is -102222 + -2112?
-104334
In base 10, what is 37377 + 22?
37399
In base 3, what is 111002021 + -1002201000?
-121121202
In base 12, what is -1616 - 1298b?
-143a5
In base 7, what is -140 + 103461331?
103461161
In base 9, what is -5755 + 2312?
-3443
In base 4, what is 1032023203 - 21?
1032023122
In base 12, what is 3 - -b400a4b?
b400a52
In base 14, what is -82 - d454d?
-d45d1
In base 4, what is -213223231230 + -11?
-213223231301
In base 6, what is -145 + 454031524?
454031335
In base 5, what is -1133 - -1003124?
1001441
In base 12, what is 3 - -7a9390?
7a9393
In base 4, what is 102332013 + 1133?
102333212
In base 7, what is 464324 - 31545?
432446
In base 2, what is 101110011001100001 - -100001110100?
101110111011010101
In base 7, what is -12560600013 - 1?
-12560600014
In base 14, what is -3720d37 - -1?
-3720d36
In base 2, what is 100000100 - -101001010011010100?
101001010111011000
In base 6, what is 4335002 + -40442?
4254120
In base 9, what is -15 + 21068002?
21067876
In base 15, what is 208d7 - 33b?
2059b
In base 16, what is 0 - -13e24815?
13e24815
In base 16, what is -35 - f105b1?
-f105e6
In base 3, what is -1121 + -222012000110100?
-222012000111221
In base 4, what is -2123211002313 + -2?
-2123211002321
In base 16, what is 1 - -9211b9?
9211ba
In base 13, what is 32b - -241644?
241972
In base 5, what is -10131 + 102014111?
102003430
In base 4, what is -23133030 + -21000?
-23220030
In base 14, what is -c83 + -b694?
-c537
In base 3, what is 220120010 + 1012200?
221202210
In base 7, what is 222 + 4326121?
4326343
In base 4, what is -1002 - 10003133?
-10010201
In base 12, what is 1214 - -10ba6?
121ba
In base 7, what is 1015323 + -256?
1015034
In base 16, what is 330a - 2ef?
301b
In base 13, what is 164c9 - 733?
15a96
In base 15, what is 285d + -ca1?
1aac
In base 6, what is -1222450325 + 3?
-1222450322
In base 12, what is 507592 - 222?
507370
In base 3, what is 11222011120020 + -10?
11222011120010
In base 7, what is 13435540 - 10?
13435530
In base 12, what is -1b981 + 2a84?
-18ab9
In base 4, what is 221 + -130013033?
-130012212
In base 5, what is -224023014 - -10?
-224023004
In base 2, what is 101110000111101101110101 + 101?
101110000111101101111010
In base 2, what is -1010000010101111100 - -1111010?
-1010000010100000010
In base 16, what is 16 + 142c3d?
142c53
In base 9, what is 3 - -12088553?
12088556
In base 12, what is -a79 + bb1?
134
In base 5, what is -1000202342440 + -10?
-1000202343000
In base 12, what is -38108321 - 2?
-38108323
In base 13, what is 70 - -7826b?
7830b
In base 12, what is 43337 + -62?
43295
In base 5, what is 42414 - -202240?
300204
In base 7, what is 642 + 15404115?
15405060
In base 10, what is 236714 - -2212?
238926
In base 12, what is a90909 + -4?
a90905
In base 12, what is -22a + 1907?
1699
In base 7, what is -26036 - 3103?
-32142
In base 15, what is -3ed + 2924?
2526
In base 4, what is 323222 - -322130?
1312012
In base 16, what is -e483b + -45?
-e4880
In base 9, what is -452 - 627435?
-627887
In base 15, what is 0 - -51a145?
51a145
In base 4, what is -1111201220303 + -12?
-1111201220321
In base 10, what is -590182 + 582?
-589600
In base 13, what is 5 + 8398c?
83994
In base 5, what is 123223421212 - 1?
123223421211
In base 5, what is 234224 + -24030?
210144
In base 13, what is 1198c + 603?
12292
In base 4, what is 13130 - 21213321030?
-21213301300
In base 16, what is -1ad2c4e - 2?
-1ad2c50
In base 6, what is 20451 + 11553?
32444
In base 8, what is 131514 + 26164?
157700
In base 4, what is 2210133023013 + 11?
2210133023030
In base 15, what is 3 + -a2d145?
-a2d142
In base 4, what is 212 + 233323333300?
233330000112
In base 14, what is -1c56c - 234?
-1c7a2
In base 6, what is -41000 - -4042?
-32514
In base 13, what is 8 + -10ba537?
-10ba52c
In base 12, what is 5b - -4218312?
4218371
In base 5, what is -10 - -2033230104?
2033230044
In base 14, what is -10c9 + -cc54?
-dd3d
In base 9, what is -13321 + -3036?
-16357
In base 3, what is -12 + -2001112001121222?
-2001112001122011
In base 8, what is 765566 + 1040?
766626
In base 11, what is 2aa - -4792?
4a91
In base 6, what is -142532034 - 342?
-142532420
In base 15, what is -906 - 42ee1?
-438e7
In base 8, what is -5432516400 + -4?
-5432516404
In base 4, what is 321123 + -1103112?
-121323
In base 14, what is 25a7 + -3b?
256a
In base 6, what is 222102233 + 1?
222102234
In base 11, what is -304 + 97813a?
977936
In base 3, what is 112100202120 + 2110010?
112110012200
In base 8, what is -4710255526 + -5?
-4710255533
In base 15, what is 30851 + -8e?
307b2
In base 6, what is -14535001 - 211?
-14535212
